hat is 13 (base 12) in base 13?
12
Convert -13 (base 16) to base 12.
-17
Convert -13 (base 6) to base 12.
-9
Convert -100 (base 2) to base 3.
-11
-11 (base 11) to base 5
-22
What is 2 (base 5) in base 4?
2
0 (base 8) to base 13
0
Convert -a6 (base 13) to base 9.
-161
-40 (base 10) to base 11
-37
What is 1152 (base 6) in base 12?
1b8
1 (base 6) to base 14
1
Convert -2 (base 8) to base 11.
-2
Convert 5a (base 16) to base 3.
10100
What is 6 (base 9) in base 6?
10
What is 3003 (base 4) in base 11?
168
What is 52 (base 9) in base 6?
115
-15 (base 7) to base 16
-c
What is -45 (base 13) in base 15?
-3c
Convert -9 (base 11) to base 9.
-10
-3 (base 4) to base 9
-3
Convert -14 (base 11) to base 13.
-12
44 (base 7) to base 11
2a
-5 (base 6) to base 4
-11
What is -6 (base 15) in base 6?
-10
Convert 3 (base 8) to base 11.
3
Convert 57 (base 9) to base 11.
48
Convert 13 (base 9) to base 12.
10
Convert -19 (base 12) to base 7.
-30
Convert 17 (base 9) to base 14.
12
What is 88 (base 14) in base 3?
11110
What is -1242 (base 5) in base 4?
-3011
Convert 0 (base 5) to base 10.
0
What is -6 (base 10) in base 8?
-6
Convert 0 (base 2) to base 14.
0
Convert 1 (base 2) to base 15.
1
What is d (base 16) in base 7?
16
-102 (base 10) to base 9
-123
-2 (base 10) to base 7
-2
What is -16 (base 10) in base 14?
-12
What is -3 (base 13) in base 7?
-3
Convert -303 (base 5) to base 13.
-60
What is -161 (base 11) in base 4?
-2330
Convert 10 (base 6) to base 9.
6
Convert 55 (base 15) to base 5.
310
Convert 1 (base 14) to base 4.
1
What is 0 (base 9) in base 7?
0
Convert 4 (base 12) to base 14.
4
Convert -4 (base 13) to base 8.
-4
Convert -3 (base 10) to base 14.
-3
What is 11 (base 7) in base 13?
8
47 (base 8) to base 15
29
What is -15 (base 9) in base 12?
-12
a (base 13) to base 9
11
3 (base 16) to base 4
3
Convert 224 (base 6) to base 8.
130
15 (base 7) to base 6
20
Convert 1 (base 5) to base 14.
1
Convert -6 (base 15) to base 10.
-6
Convert -3001 (base 4) to base 13.
-11b
-e (base 15) to base 4
-32
46 (base 11) to base 6
122
What is 1c (base 15) in base 16?
1b
Convert 19 (base 10) to base 16.
13
What is 5 (base 11) in base 3?
12
-101 (base 2) to base 4
-11
-11 (base 6) to base 5
-12
Convert -111 (base 10) to base 12.
-93
-75 (base 14) to base 15
-6d
What is -22222 (base 3) in base 4?
-3302
What is -111 (base 2) in base 5?
-12
What is 147 (base 13) in base 10?
228
What is -134 (base 7) in base 8?
-112
What is 3 (base 10) in base 9?
3
1 (base 6) to base 2
1
2 (base 15) to base 12
2
What is 1 (base 9) in base 3?
1
0 (base 16) to base 8
0
What is -44 (base 10) in base 8?
-54
Convert -86 (base 12) to base 4.
-1212
Convert 5 (base 9) to base 4.
11
-4 (base 5) to base 3
-11
445 (base 6) to base 10
173
23 (base 4) to base 15
b
Convert 2 (base 3) to base 14.
2
45 (base 16) to base 8
105
-5 (base 13) to base 16
-5
What is -63 (base 12) in base 15?
-50
What is -136 (base 8) in base 10?
-94
101 (base 3) to base 7
13
Convert -1b (base 14) to base 13.
-1c
2 (base 9) to base 12
2
1 (base 5) to base 8
1
Convert 63 (base 11) to base 10.
69
0 (base 15) to base 14
0
371 (base 8) to base 13
162
Convert -1 (base 7) to base 8.
-1
Convert 81 (base 13) to base 10.
105
Convert 1 (base 4) to base 5.
1
Convert 128 (base 11) to base 8.
227
What is 19 (base 16) in base 6?
41
What is 1212 (base 3) in base 6?
122
What is -3 (base 4) in base 15?
-3
What is -2 (base 14) in base 7?
-2
2 (base 7) to base 11
2
What is -9 (base 13) in base 6?
-13
What is -1 (base 2) in base 10?
-1
What is -65 (base 7) in base 4?
-233
Convert -30 (base 10) to base 9.
-33
-9 (base 11) to base 10
-9
145 (base 8) to base 14
73
Convert 51 (base 15) to base 10.
76
What is -10 (base 2) in base 7?
-2
Convert -2220 (base 3) to base 10.
-78
What is 0 (base 11) in base 8?
0
10 (base 5) to base 10
5
What is 0 (base 4) in base 3?
0
Convert -5 (base 8) to base 13.
-5
What is 3 (base 16) in base 4?
3
Convert 1110 (base 2) to base 11.
13
What is -45 (base 13) in base 5?
-212
34 (base 11) to base 9
41
Convert -100 (base 3) to base 10.
-9
44 (base 15) to base 9
71
What is 11 (base 6) in base 12?
7
100121 (base 3) to base 10
259
Convert -1 (base 11) to base 9.
-1
-10010010 (base 2) to base 5
-1041
-a7 (base 12) to base 16
-7f
What is -10 (base 9) in base 6?
-13
What is 2 (base 4) in base 5?
2
Convert 101 (base 2) to base 13.
5
What is 5 (base 16) in base 7?
5
Convert 101011000 (base 2) to base 15.
17e
1 (base 11) to base 8
1
What is 4 (base 5) in base 2?
100
What is 8 (base 9) in base 13?
8
What is 86 (base 13) in base 15?
75
131 (base 9) to base 7
214
Convert 2 (base 5) to base 13.
2
330 (base 6) to base 14
90
2 (base 3) to base 10
2
Convert f6 (base 16) to base 4.
3312
30 (base 7) to base 15
16
What is -154 (base 7) in base 3?
-10021
What is -14 (base 7) in base 11?
-10
Convert 2b (base 15) to base 8.
51
-2 (base 8) to base 2
-10
-111 (base 4) to base 14
-17
-54 (base 8) to base 7
-62
Convert -22 (base 9) to base 15.
-15
Convert -11010 (base 2) to base 9.
-28
Convert 1 (base 12) to base 4.
1
Convert 3 (base 16) to base 6.
3
Convert -4 (base 14) to base 10.
-4
62 (base 13) to base 6
212
What is 19 (base 12) in base 5?
41
Convert a1 (base 12) to base 6.
321
-2 (base 4) to base 5
-2
What is 9 (base 15) in base 10?
9
Convert -503 (base 6) to base 9.
-223
Convert 24 (base 5) to base 15.
e
What is 14 (base 9) in base 12?
11
Convert 17 (base 15) to base 14.
18
Convert 2 (base 9) to base 13.
2
Convert -3 (base 9) to base 13.
-3
What is -2 (base 5) in base 10?
-2
What is 46 (base 16) in base 7?
130
What is -145 (base 6) in base 11?
-5a
What is 2a (base 14) in base 7?
53
What is 25 (base 11) in base 7?
36
Convert 2 (base 14) to base 15.
2
10101 (base 3) to base 2
1011011
What is -27 (base 8) in base 11?
-21
Convert -1 (base 9) to base 4.
-1
Convert -8 (base 16) to base 6.
-12
What is 17 (base 8) in base 16?
f
-5 (base 11) to base 16
-5
What is 178 (base 13) in base 2?
100001100
What is 11 (base 2) in base 9?
3
What is -1 (base 11) in base 8?
-1
-213 (base 7) to base 9
-130
101 (base 7) to base 3
1212
What is 1001 (base 3) in base 15?
1d
What is 11 (base 11) in base 16?
c
-3 (base 8) to base 11
-3
Convert 6 (base 12) to base 7.
6
10 (base 3) to base 2
11
-b (base 13) to base 16
-b
What is -50 (base 11) in base 6?
-131
What is -2 (base 5) in base 10?
-2
What is -1001011 (base 2) in base 4?
-1023
Convert 110 (base 3) to base 10.
12
Convert 10 (base 3) to base 6.
3
What is 443 (base 5) in base 7?
234
What is 1 (base 8) in base 12?
1
-10 (base 13) to base 16
-d
Convert 20 (base 8) to base 6.
24
What is -314 (base 7) in base 9?
-185
Convert a (base 12) to base 14.
a
Convert 1 (base 16) to base 4.
1
Convert -c (base 13) to base 16.
-c
Convert -5d (base 14) to base 15.
-58
Convert 9 (base 15) to base 12.
9
203 (base 4) to base 8
43
Convert 11011 (base 2) to base 15.
1c
What is 2042 (base 5) in base 4?
10100
What is 20 (base 11) in base 8?
26
Convert 111 (base 2) to base 12.
7
55 (base 14) to base 2
1001011
What is 1 (base 6) in base 15?
1
What is -33 (base 13) in base 5?
-132
10 (base 4) to base 8
4
3 (base 11) to base 14
3
0 (base 5) to base 9
0
4 (base 13) to base 8
4
Convert -11 (base 2) to base 15.
-3
What is -6 (base 15) in base 14?
-6
What is 1 (base 3) in base 11?
1
Convert -5 (base 8) to base 13.
-5
a (base 15) to base 11
a
-173 (base 12) to base 3
-22120
What is -8 (base 15) in base 2?
-1000
Convert -10000 (base 2) to base 15.
-11
2 (base 9) to base 16
2
-10 (base 5) to base 13
-5
7e (base 16) to base 4
1332
Convert 68 (base 9) to base 8.
76
Convert -12 (base 3) to base 4.
-11
-24 (base 13) to base 10
-30
What is 7 (base 11) in base 10?
7
What is 51 (base 13) in base 4?
1002
What is 50 (base 14) in base 6?
154
What is -151 (base 8) in base 4?
-1221
Convert 3 (base 16) to base 14.
3
Convert -205 (base 8) to base 7.
-250
7 (base 11) to base 10
7
2 (base 5) to base 2
10
Convert -5 (base 14) to base 3.
-12
12 (base 7) to base 10
9
Convert -4 (base 15) to base 13.
-4
What is 38 (base 15) in base 4?
311
What is 13 (base 15) in base 2?
10010
Convert -10001 (base 2) to base 9.
-18
a (base 16) to base 10
10
-14 (base 7) to base 12
-b
Convert 1021 (base 3) to base 14.
26
What is -77 (base 9) in base 7?
-130
Convert -2 (base 15) to base 5.
-2
Convert -2 (base 8